v + 4*w + 1292 = 464. What is the tens digit of v?
0
Let p(x) = -4*x**3 + 9*x**2 + 4*x. Let v(t) = 5*t**3 - 8*t**2 - 3*t - 1. Let o(z) = 4*p(z) + 3*v(z). What is the tens digit of o(12)?
8
Suppose 20 = -3*n + 8*n. Let x(c) = c**3 + c**2 - 6*c + 4. Let g be x(n). Suppose -3*w - p + 73 = -43, 0 = -w + 5*p + g. What is the units digit of w?
0
Suppose -2*t + 3*t + b - 71 = 0, 0 = -4*t - 2*b + 290. Let s = t - 48. Suppose -l + s = l. What is the tens digit of l?
1
Suppose -v - 5*b = -952, -9*v - 3808 = -13*v + 4*b. What is the units digit of v?
2
Let g be ((-12)/(-7))/(25/175). What is the hundreds digit of 3*59 - (g - (-8)/(-1))?
1
Suppose 2*w + 0*q - 3*q - 21 = 0, q = 5*w - 20. Suppose -35 = -w*c + 2*b, 2*c - 3*b - 7 = 8. What is the units digit of c?
5
What is the units digit of (-2)/18 - (-88220)/180?
0
Let m(x) = -5*x + 26. Let k be m(7). Let u = 95 - k. What is the hundreds digit of u?
1
Suppose 3*k - 19*k + 12208 = 0. What is the tens digit of k?
6
Suppose 3*x + 9 = 6*x. Suppose -x*k + 293 = -160. What is the tens digit of k?
5
Let v(m) = 106*m + 8. Let a be v(1). What is the units digit of (-7)/28 - a/(-8)?
4
Let z = 306 + -214. Suppose -s + 5*s = 4*b + z, -3*s - 3*b = -39. What is the units digit of s?
8
Let h(w) = -w**3 - 2*w + 1. Let s be h(-4). What is the units digit of s + 2 - (-3 - -6)?
2
Suppose 1791 + 10849 = 4*c. What is the hundreds digit of c?
1
Suppose 0 = 4*z + 4*t - 12, 0 = 2*z - t - 3*t + 12. Suppose z = -2*c - c + 3. What is the units digit of (14/2)/(c/3)?
1
Suppose -2*h - 2 = -4. Let a(z) = 11*z - 2. Let i be a(h). Let s = 14 - i. What is the units digit of s?
5
Let l = -185 + 1069. What is the tens digit of l?
8
What is the units digit of -1 + (-1)/(3/(-1410)) + 5?
4
Let v = -2071 - -2947. What is the units digit of v?
6
Let i(w) = 6*w**2 + 19*w + 54. What is the tens digit of i(-14)?
6
Let t(l) = l**3 + 4*l**2 - 2*l - 4. Let n be t(-4). Suppose 35 = 2*h - 5*u - 22, 5*h = 5*u + 135. Suppose -h = 2*k - n*k. What is the tens digit of k?
1
Suppose 70 = 4*n - 3*n - 3*y, -2*y = 3*n - 210. Suppose -f - 3*g - 58 = -5*f, 4*f - n = -3*g. What is the units digit of f?
6
Suppose -2*m - 6 = -2. Let r be (-19 - 1) + 3 + m. Let x = 6 - r. What is the units digit of x?
5
Suppose b + 2*b = -30. Suppose 0 = -3*d - a - 9, -4 = -d + 3*a + 3. What is the tens digit of 1 + (-3 - d)*b?
1
Let p(w) = w**3 + 28*w**2 + 34*w - 23. What is the hundreds digit of p(-26)?
4
Let t(k) = -k**2 - 4*k + 10. Let d be t(-7). Let b be (88/20)/(2/(-50)). What is the tens digit of 2/d + (-4640)/b?
4
Let t(k) = 2*k - 9. Let i be t(-14). Let s = 99 + i. What is the units digit of s?
2
Suppose 0 = 3*d - 7*d + 16. Let c be (9/d)/((-3)/(-56)). Let t = c + -25. What is the tens digit of t?
1
Let k = -84 - -257. What is the hundreds digit of k?
1
Suppose -r = 3*r + 5*w - 1002, 0 = -5*r - 5*w + 1255. What is the hundreds digit of r?
2
Suppose 808 + 344 = 8*f. What is the units digit of f?
4
Let j = -1 + 2. Let u = j - 6. What is the tens digit of ((-2)/(-5))/(u/(-225))?
1
Let o(q) = -q**2 + q + 5. Let c be o(2). Suppose -2*y + y + 3*j + 51 = 0, c*y - 192 = -4*j. What is the units digit of y?
0
Suppose -6*p - g = -3*p - 100, 0 = -2*p + 2*g + 80. Suppose 3*v = 4 + p. What is the tens digit of v?
1
Let p be 3/(((-12)/(-86))/2). Let j = p + 11. What is the units digit of j?
4
Let p be (-46)/(-11) - 2/11. Suppose 8*y - p*y = 44. What is the tens digit of y?
1
Suppose 5*p = -5*h + 6 + 24, 23 = 5*p - 2*h. What is the units digit of 66 - 5 - (p - 1)?
7
Suppose -2*o - 2*n = -122, 2*o - 5*n - 2 = 141. Let l = o - 24. What is the tens digit of l?
4
Let k(v) = 75*v**2 - 10*v + 38. What is the units digit of k(4)?
8
Let u(b) = b**3 - b**2 + 4*b + 1. Let p(x) = -x**3 + x - 1. Let g(v) = -3*p(v) + u(v). Let r(k) be the first derivative of g(k). What is the tens digit of r(2)?
4
Let g(i) = i**3 + 19 + 5*i + i + 5*i**2 - 18 - 3*i. What is the units digit of g(-3)?
0
Let j = -105 - -109. Suppose 3*c + 1024 = 6*h - h, -4*h = j*c - 832. What is the hundreds digit of h?
2
Let c(d) = d**3 - d**2 + 78. Let w be c(0). Let p = w - -15. What is the units digit of p?
3
Let a = -43 - -154. Suppose 5*g - 26 = -a. Let h = 60 - g. What is the units digit of h?
7
Suppose 0 = -4*t + 4, y - 2*t = t. Suppose -2*c = -4*m - 164, 4*m - 3*m + 271 = y*c. What is the tens digit of c?
9
Let d(i) = -3*i - 2 + 0 + 2*i. Let j be d(7). Let n(c) = -c**3 - 8*c**2 + 7*c + 1. What is the units digit of n(j)?
9
Suppose -m + 5 = -0*m. Suppose -5*p = -50 - 700. Suppose -m*l = -2*l - p. What is the tens digit of l?
5
Let w(j) = -3*j - 19. Suppose -3 + 23 = -5*f. Let p = -11 - f. What is the units digit of w(p)?
2
Suppose -5*i - 4 = 4*l, -4*i - i - 2 = 2*l. Suppose 4*j - 6*j + 5*b = 2, 2*b - 8 = i. Suppose h + 2 = j. What is the units digit of h?
7
Let q = 1473 - -39. What is the units digit of q?
2
Let t(w) = -21*w - 9. Let d be (-2)/((8/6)/2). What is the tens digit of t(d)?
5
Let c(i) = i**3 - 6*i**2 + 5*i - 11. Let d be c(6). Suppose 5*z - d = 2*t + 2*t, 2 = -2*t. What is the units digit of z?
3
Suppose 0 = 3*d + 5*c - 18, -3*d = -3*c - 16 - 2. Suppose -d + 0 = -3*q. Suppose q*o = -o + 24. What is the units digit of o?
8
Let r(h) be the first derivative of 4*h**3/3 + h**2/2 - 3*h + 18. What is the tens digit of r(-4)?
5
What is the tens digit of 8/24 - (-3565)/15?
3
Let u(t) = 284*t + 14. What is the thousands digit of u(8)?
2
Suppose 5*r - 2*u - 1289 = 0, -5*u - 516 = -2*r - 4*u. Suppose 2*v = -5*b + 258, 4*v = -5*b + v + r. What is the units digit of b?
2
Suppose 3*z - 545 = -149. Suppose 3*w - z = n, -3*n = -w - n + 44. What is the tens digit of 2/(-1) + w*1?
4
Let j = 53 + -7. Let n = j + -12. What is the tens digit of n?
3
Let z(s) = -6*s - 13. Let w(x) = 3*x + 7. Let n(b) = -13*w(b) - 6*z(b). Let r be n(-6). Suppose 0 = -r*u + 19 + 21. What is the units digit of u?
8
Suppose -5*w + 2*j + 10 = -2*j, -w + 5*j = -2. Suppose -2*v + 3*v + 2*g = w, 4*g = 4. Suppose -4*u + u + 93 = v. What is the tens digit of u?
3
Let d be (2/(-3))/(36/(-378)). Let o = 22 + d. Suppose 3*s - o = -2. What is the units digit of s?
9
Suppose 27*k + 4 = 29*k. Suppose -2*j = -o + 230, -551 = -4*o - k*j + 339. What is the tens digit of o?
2
Let p(g) = 100*g**2 + 89*g - 540. What is the units digit of p(6)?
4
Let m(r) = r**3 - 44*r**2 - 149*r - 3. What is the tens digit of m(48)?
6
Let s be 0 + 26*1/2. Suppose -3*o - 4*a - 11 = 0, 2*a + 12 = 5*o - s. Suppose -o*k - 40 = -5*k. What is the units digit of k?
0
Suppose 0*f + 3*f = 9. Let n be (1 - -2) + f + 0. Suppose a = 28 - n. What is the tens digit of a?
2
Let l = 5166 + -3481. What is the units digit of l?
5
Let d(u) = -3*u - 6. Let c be d(-3). Let v(k) = 3*k**2 - 5*k - 7. Let y(a) = a**2 - 3*a - 4. Let l(z) = c*v(z) - 5*y(z). What is the tens digit of l(2)?
1
Let h(v) = -281*v + 6. Let r be h(-1). Suppose -2*j + r = 3*f, -2*j + 5*f = 4*f - 307. What is the units digit of j?
1
Let x be ((-3)/2)/(9/12). Let a(s) = 24*s**2 - 2*s + 1. Let t be a(x). Suppose c - 42 - 6 = -b, -3*b + t = 2*c. What is the units digit of c?
3
Let s(x) = -132*x - 48. What is the hundreds digit of s(-4)?
4
Let n(u) = -u - 1. Let v be n(-6). Suppose 0*m = v*m - 15. Suppose 2*c - m*c = -l - 23, 0 = 2*c - 5*l - 52. What is the tens digit of c?
2
Let j(h) = -h**3 + 5*h**2 + 10*h + 2. Let s be j(7). Let o = 98 + s. What is the units digit of o?
2
Suppose 5*i + 3*f = 8056, 4*i + 2*f = -781 + 7227. What is the units digit of i?
3
Let s = 291 + -288. Suppose -4*t + 4*g = -g - 395, 181 = 2*t + 3*g. Suppose -5*d = -5*l + t, -3*d = -s*l + 2*d + 67. What is the units digit of l?
4
Let n(r) = -r**2 - 99 + 3*r**2 + r + 96. What is the units digit of n(3)?
8
Suppose -9*h = -10*h + 1472. What is the thousands digit of h?
1
Let a = 410 - 108. What is the tens digit of a?
0
Let j = -33 + 39. Suppose 3*p = p + j. What is the units digit of p?
3
Let u = 11 - -363. What is the hundreds digit of u?
3
Let u(r) be the second derivative of -5*r**3/6 + 5*r**2/2 + 2*r. Let p(a) = -11*a + 10. Let c(d) = 6*p(d) - 13*u(d). What is the units digit of c(-9)?
4
Let w be -8*((-39)/18 - -2)*-3. What is the units digit of ((-63)/(-6))/(w/(-24) + 0)?
3
Let a(z) = -16*z - 1. Let i(f) = 17*f + 2. Let n(u) = 6*a(u) + 5*i(u). What is the units digit of n